2?
2, 17, 83
What are the prime factors of 9060?
2, 3, 5, 151
What are the prime factors of 934?
2, 467
What are the prime factors of 2144?
2, 67
What are the prime factors of 59736?
2, 3, 19, 131
List the prime factors of 831.
3, 277
What are the prime factors of 1335?
3, 5, 89
What are the prime factors of 2241?
3, 83
List the prime factors of 52199.
7, 7457
What are the prime factors of 2595?
3, 5, 173
List the prime factors of 27031.
27031
List the prime factors of 63206.
2, 11, 13, 17
List the prime factors of 372.
2, 3, 31
What are the prime factors of 1857?
3, 619
What are the prime factors of 1147?
31, 37
What are the prime factors of 3403?
41, 83
List the prime factors of 607.
607
What are the prime factors of 1105?
5, 13, 17
What are the prime factors of 9701?
89, 109
What are the prime factors of 1072?
2, 67
What are the prime factors of 497?
7, 71
What are the prime factors of 49962?
2, 3, 11, 757
List the prime factors of 16607.
16607
What are the prime factors of 839?
839
List the prime factors of 129.
3, 43
List the prime factors of 6902.
2, 7, 17, 29
List the prime factors of 4465.
5, 19, 47
What are the prime factors of 58342?
2, 31, 941
What are the prime factors of 20321?
7, 2903
List the prime factors of 5136.
2, 3, 107
What are the prime factors of 342?
2, 3, 19
List the prime factors of 5194.
2, 7, 53
List the prime factors of 7334.
2, 19, 193
What are the prime factors of 1786?
2, 19, 47
What are the prime factors of 17610?
2, 3, 5, 587
What are the prime factors of 27?
3
What are the prime factors of 69308?
2, 17327
List the prime factors of 95555.
5, 29, 659
What are the prime factors of 14126?
2, 7, 1009
What are the prime factors of 3407?
3407
List the prime factors of 7191.
3, 17, 47
List the prime factors of 9493.
11, 863
What are the prime factors of 121121?
7, 11, 13
List the prime factors of 26914.
2, 13457
List the prime factors of 3403.
41, 83
What are the prime factors of 4825?
5, 193
List the prime factors of 35743.
31, 1153
List the prime factors of 12074.
2, 6037
What are the prime factors of 1503?
3, 167
List the prime factors of 79233.
3, 7, 11
What are the prime factors of 3612?
2, 3, 7, 43
What are the prime factors of 1212?
2, 3, 101
List the prime factors of 13584.
2, 3, 283
What are the prime factors of 1456?
2, 7, 13
What are the prime factors of 14756?
2, 7, 17, 31
List the prime factors of 48323.
11, 23, 191
List the prime factors of 8804.
2, 31, 71
List the prime factors of 2044.
2, 7, 73
What are the prime factors of 555?
3, 5, 37
What are the prime factors of 99?
3, 11
What are the prime factors of 17250?
2, 3, 5, 23
List the prime factors of 18342.
2, 3, 1019
List the prime factors of 5078.
2, 2539
What are the prime factors of 2008?
2, 251
What are the prime factors of 4950?
2, 3, 5, 11
List the prime factors of 22578.
2, 3, 53, 71
What are the prime factors of 2170?
2, 5, 7, 31
List the prime factors of 14.
2, 7
What are the prime factors of 7669?
7669
List the prime factors of 1224.
2, 3, 17
What are the prime factors of 52283?
7, 11, 97
What are the prime factors of 3401?
19, 179
List the prime factors of 1860.
2, 3, 5, 31
List the prime factors of 417.
3, 139
What are the prime factors of 1627?
1627
List the prime factors of 43906.
2, 29, 757
List the prime factors of 28217.
7, 29, 139
List the prime factors of 2529.
3, 281
What are the prime factors of 28128?
2, 3, 293
List the prime factors of 114369.
3, 67, 569
What are the prime factors of 2178?
2, 3, 11
List the prime factors of 8314.
2, 4157
What are the prime factors of 18664?
2, 2333
What are the prime factors of 47731?
59, 809
List the prime factors of 874.
2, 19, 23
What are the prime factors of 4566?
2, 3, 761
What are the prime factors of 100?
2, 5
List the prime factors of 1762.
2, 881
What are the prime factors of 3728?
2, 233
List the prime factors of 44366.
2, 7, 3169
List the prime factors of 4188.
2, 3, 349
List the prime factors of 4014.
2, 3, 223
What are the prime factors of 19664?
2, 1229
List the prime factors of 28263.
3, 9421
List the prime factors of 25666.
2, 41, 313
What are the prime factors of 85333?
85333
List the prime factors of 1781.
13, 137
What are the prime factors of 22637?
22637
List the prime factors of 21517.
21517
List the prime factors of 25214.
2, 7, 1801
List the prime factors of 4704.
2, 3, 7
What are the prime factors of 3522?
2, 3, 587
List the prime factors of 373.
373
What are the prime factors of 40341?
3, 7, 17, 113
What are the prime factors of 19218?
2, 3, 3203
List the prime factors of 2423.
2423
List the prime factors of 169.
13
List the prime factors of 2172.
2, 3, 181
What are the prime factors of 3314?
2, 1657
List the prime factors of 4856.
2, 607
What are the prime factors of 13136?
2, 821
List the prime factors of 868.
2, 7, 31
List the prime factors of 9405.
3, 5, 11, 19
List the prime factors of 10916.
2, 2729
What are the prime factors of 21846?
2, 3, 11, 331
What are the prime factors of 1743?
3, 7, 83
List the prime factors of 67697.
7, 19, 509
What are the prime factors of 1326?
2, 3, 13, 17
List the prime factors of 25533.
3, 2837
What are the prime factors of 2138?
2, 1069
List the prime factors of 871.
13, 67
What are the prime factors of 18461?
18461
What are the prime factors of 3307?
3307
What are the prime factors of 4494?
2, 3, 7, 107
What are the prime factors of 10073?
7, 1439
List the prime factors of 32219.
11, 29, 101
What are the prime factors of 7964?
2, 11, 181
What are the prime factors of 14891?
14891
List the prime factors of 33819.
3, 11273
List the prime factors of 594.
2, 3, 11
List the prime factors of 32567.
29, 1123
What are the prime factors of 22401?
3, 19, 131
List the prime factors of 164908.
2, 41227
What are the prime factors of 13275?
3, 5, 59
What are the prime factors of 9144?
2, 3, 127
What are the prime factors of 460?
2, 5, 23
List the prime factors of 136.
2, 17
List the prime factors of 1189.
29, 41
List the prime factors of 11388.
2, 3, 13, 73
List the prime factors of 1909.
23, 83
List the prime factors of 1157.
13, 89
What are the prime factors of 56024?
2, 47, 149
What are the prime factors of 876?
2, 3, 73
List the prime factors of 92244.
2, 3, 7687
List the prime factors of 20566.
2, 7, 13, 113
List the prime factors of 847.
7, 11
List the prime factors of 18695.
5, 3739
What are the prime factors of 4532?
2, 11, 103
List the prime factors of 26328.
2, 3, 1097
List the prime factors of 2691.
3, 13, 23
What are the prime factors of 141698?
2, 70849
What are the prime factors of 26230?
2, 5, 43, 61
What are the prime factors of 99864?
2, 3, 19, 73
List the prime factors of 22016.
2, 43
List the prime factors of 92591.
53, 1747
What are the prime factors of 1502?
2, 751
List the prime factors of 13422.
2, 3, 2237
List the prime factors of 10695.
3, 5, 23, 31
What are the prime factors of 138140?
2, 5, 6907
What are the prime factors of 40672?
2, 31, 41
List the prime factors of 19766.
2, 9883
List the prime factors of 5395.
5, 13, 83
What are the prime factors of 14228?
2, 3557
List the prime factors of 2085.
3, 5, 139
What are the prime factors of 1131?
3, 13, 29
What are the prime factors of 3513?
3, 1171
List the prime factors of 12934.
2, 29, 223
What are the prime factors of 31723?
31723
What are the prime factors of 1464?
2, 3, 61
What are the prime factors of 33383?
7, 19, 251
What are the prime factors of 10112?
2, 79
List the prime factors of 41214.
2, 3, 6869
List the prime factors of 2672.
2, 167
List the prime factors of 2130.
2, 3, 5, 71
List the prime factors of 428.
2, 107
What are the prime factors of 38985?
3, 5, 23, 113
List the prime factors of 20022.
2, 3, 47, 71
List the prime factors of 131507.
131507
List the prime factors of 2144.
2, 67
What are the prime factors of 725?
5, 29
List the prime factors of 305.
5, 61
What are the prime factors of 4837?
7, 691
What are the prime factors of 71391?
3, 53, 449
What are the prime factors of 4371?
3, 31, 47
List the prime factors of 28093.
13, 2161
What are the prime factors of 1169?
7, 167
List the prime factors of 138808.
2, 17351
What are the prime factors of 4175?
5, 167
List the prime factors of 47350.
2, 5, 947
List the prime factors of 10839.
3, 3613
Lis